{"id":1506,"date":"2022-09-20T13:24:46","date_gmt":"2022-09-20T10:24:46","guid":{"rendered":"https:\/\/www.icetol.com\/?page_id=1506"},"modified":"2022-09-20T13:25:00","modified_gmt":"2022-09-20T10:25:00","slug":"honorary-board-2022","status":"publish","type":"page","link":"https:\/\/www.icetol.com\/?page_id=1506","title":{"rendered":"Honorary Board 2022"},"content":{"rendered":"<table>\n<tbody>\n<tr>\n<td><img loading=\"lazy\" decoding=\"async\" class=\"wp-image-418 aligncenter\" src=\"https:\/\/www.icetol.com\/wp-content\/uploads\/2022\/05\/serdalisiktas.jpeg\" alt=\"\" width=\"512\" height=\"273\" \/><\/p>\n<p style=\"text-align: center; font-weight: bold;\">Do\u00e7. Dr. Serdal I\u015eIKTA\u015e<br \/>\nRekt\u00f6r Yard\u0131mc\u0131s\u0131<br \/>\nK\u0131br\u0131s Sa\u011fl\u0131k ve Toplum Bilimleri \u00dcniversitesi <\/p>\n<\/td>\n<td>\n<img loading=\"lazy\" decoding=\"async\" class=\"wp-image-418 aligncenter\" src=\"https:\/\/www.icetol.com\/wp-content\/uploads\/2022\/05\/huseyinyaratan.png\" alt=\"\" width=\"512\" height=\"273\" \/><\/p>\n<p style=\"text-align: center; font-weight: bold;\">Prof. Dr. H\u00fcseyin YARATAN<br \/>\nRekt\u00f6r<br \/>\nUluslararas\u0131 Final \u00dcniversitesi <\/p>\n<\/td>\n<\/tr>\n<\/tbody>\n<\/table>\n","protected":false},"excerpt":{"rendered":"<p>Do\u00e7. Dr. Serdal I\u015eIKTA\u015e Rekt\u00f6r Yard\u0131mc\u0131s\u0131 K\u0131br\u0131s Sa\u011fl\u0131k ve Toplum Bilimleri \u00dcniversitesi Prof. Dr. H\u00fcseyin YARATAN Rekt\u00f6r Uluslararas\u0131 Final \u00dcniversitesi<\/p>\n","protected":false},"author":1,"featured_media":0,"parent":0,"menu_order":0,"comment_status":"closed","ping_status":"closed","template":"","meta":{"inline_featured_image":false,"_monsterinsights_skip_tracking":false,"_monsterinsights_sitenote_active":false,"_monsterinsights_sitenote_note":"","_monsterinsights_sitenote_category":0,"ngg_post_thumbnail":0,"footnotes":""},"class_list":["post-1506","page","type-page","status-publish","hentry"],"_links":{"self":[{"href":"https:\/\/www.icetol.com\/index.php?rest_route=\/wp\/v2\/pages\/1506","targetHints":{"allow":["GET"]}}],"collection":[{"href":"https:\/\/www.icetol.com\/index.php?rest_route=\/wp\/v2\/pages"}],"about":[{"href":"https:\/\/www.icetol.com\/index.php?rest_route=\/wp\/v2\/types\/page"}],"author":[{"embeddable":true,"href":"https:\/\/www.icetol.com\/index.php?rest_route=\/wp\/v2\/users\/1"}],"replies":[{"embeddable":true,"href":"https:\/\/www.icetol.com\/index.php?rest_route=%2Fwp%2Fv2%2Fcomments&post=1506"}],"version-history":[{"count":1,"href":"https:\/\/www.icetol.com\/index.php?rest_route=\/wp\/v2\/pages\/1506\/revisions"}],"predecessor-version":[{"id":1507,"href":"https:\/\/www.icetol.com\/index.php?rest_route=\/wp\/v2\/pages\/1506\/revisions\/1507"}],"wp:attachment":[{"href":"https:\/\/www.icetol.com\/index.php?rest_route=%2Fwp%2Fv2%2Fmedia&parent=1506"}],"curies":[{"name":"wp","href":"https:\/\/api.w.org\/{rel}","templated":true}]}}