{"id":3742,"date":"2025-12-15T15:11:05","date_gmt":"2025-12-15T12:11:05","guid":{"rendered":"https:\/\/www.icetol.com\/?page_id=3742"},"modified":"2025-12-15T15:11:05","modified_gmt":"2025-12-15T12:11:05","slug":"payment-information-and-cancellation-policy-2025","status":"publish","type":"page","link":"https:\/\/www.icetol.com\/?page_id=3742","title":{"rendered":"Payment Information and Cancellation Policy 2025"},"content":{"rendered":"<p><strong>1- Gizlilik G\u00fcvenlik Politikas\u0131<\/strong> :<br \/>\n\u00c7erezler Hakk\u0131nda<br \/>\nWeb sitemiz, bu siteyi ziyaret eden kullan\u0131c\u0131lar ve kullan\u0131c\u0131lar\u0131n web sitesini kullan\u0131m\u0131 hakk\u0131ndaki bilgileri teknik bir ileti\u015fim dosyas\u0131 (\u00c7erez-Cookie) kullanarak elde edebilir. \u00c7erezler, daha iyi, h\u0131zl\u0131 ve g\u00fcvenli bir deneyim sa\u011flamak i\u00e7in kullan\u0131l\u0131r. Bahsi ge\u00e7en teknik ileti\u015fim dosyalar\u0131, ana bellekte saklanmak \u00fczere bir web sitesinin kullan\u0131c\u0131n\u0131n taray\u0131c\u0131s\u0131na (browser) g\u00f6nderdi\u011fi k\u00fc\u00e7\u00fck metin dosyalar\u0131d\u0131r. \u00c7erezler web sitesi hakk\u0131nda durum ve tercihleri saklayarak internetin kullan\u0131m\u0131n\u0131 kolayla\u015ft\u0131r\u0131r. Web sitesi ilk ziyaret edildi\u011finde \u00e7erezler depolan\u0131r. Ayn\u0131 web sitesi ayn\u0131 cihazla tekrar ziyaret edildi\u011finde taray\u0131c\u0131 web sitesi ad\u0131na kay\u0131tl\u0131 \u00e7erez olup olmad\u0131\u011f\u0131n\u0131 kontrol eder. Kay\u0131t var ise, kayd\u0131n i\u00e7indeki veri ziyaret edilen web sitesine iletilir.<br \/>\nICETOL\u2019e ait web sitemizi ziyaretiniz ile ziyaret\u00e7i bilgisi, cihaz bilgisi, davran\u0131\u015f bilgisi, demografik bilgilerinden olu\u015fan baz\u0131 ki\u015fisel verileriniz 6698 say\u0131l\u0131 Ki\u015fisel Verilerin Korunmas\u0131 Kanunu uyar\u0131nca i\u015flenecektir. Verilerinizin \u00fc\u00e7\u00fcnc\u00fc ki\u015filere sat\u0131lmas\u0131 gibi bir durum s\u00f6z konusu de\u011fildir.<br \/>\n<strong>Kredi Kart\u0131 G\u00fcvenli\u011fi<\/strong><br \/>\nKredi kart\u0131 bilgileriniz hi\u00e7bir \u015fekilde sistemimizde saklanmamaktad\u0131r.<br \/>\nKart bilgileriniz sitemizden ba\u011f\u0131ms\u0131z olarak 128 bit SSL (Secure Sockets Layer) protokol\u00fc ile \u015fifrelenip sorgulanmak \u00fczere ilgili bankaya ula\u015ft\u0131r\u0131l\u0131r. Kart\u0131n kullan\u0131labilirli\u011fi onayland\u0131\u011f\u0131 takdirde \u00f6deme i\u015flemine devam edilir. Kartla ilgili hi\u00e7bir bilgi taraf\u0131m\u0131zdan g\u00f6r\u00fcnt\u00fclenemedi\u011finden ve kaydedilmedi\u011finden, \u00fc\u00e7\u00fcnc\u00fc \u015fah\u0131slar\u0131n herhangi bir ko\u015fulda bu bilgileri ele ge\u00e7irmesi engellenmi\u015f olur.<\/p>\n<p><strong>2- \u0130ptal \u0130ade Politikas\u0131 <\/strong> : Konferans kat\u0131l\u0131m iptali ve \u00fccret iadesi talebi durumlar\u0131, 31.07.2025 tarihine kadar ger\u00e7ekle\u015ftirilebilecektir. \u0130lgili tarihe kadar icetol.editor@gmail.com adresine yap\u0131lan iptal talepleri kabul edilir ve iade i\u015flemleri ger\u00e7ekle\u015ftirilir.<\/p>\n","protected":false},"excerpt":{"rendered":"<p>1- Gizlilik G\u00fcvenlik Politikas\u0131 : \u00c7erezler Hakk\u0131nda Web sitemiz, bu siteyi ziyaret eden kullan\u0131c\u0131lar ve kullan\u0131c\u0131lar\u0131n web sitesini kullan\u0131m\u0131 hakk\u0131ndaki bilgileri teknik bir ileti\u015fim dosyas\u0131 (\u00c7erez-Cookie) kullanarak elde edebilir. \u00c7erezler, daha iyi, h\u0131zl\u0131 ve g\u00fcvenli bir deneyim sa\u011flamak i\u00e7in kullan\u0131l\u0131r. Bahsi ge\u00e7en teknik ileti\u015fim dosyalar\u0131, ana bellekte saklanmak \u00fczere bir web sitesinin kullan\u0131c\u0131n\u0131n taray\u0131c\u0131s\u0131na (browser) [&hellip;]<\/p>\n","protected":false},"author":1,"featured_media":0,"parent":22,"menu_order":0,"comment_status":"closed","ping_status":"closed","template":"","meta":{"inline_featured_image":false,"_monsterinsights_skip_tracking":false,"_monsterinsights_sitenote_active":false,"_monsterinsights_sitenote_note":"","_monsterinsights_sitenote_category":0,"ngg_post_thumbnail":0,"footnotes":""},"class_list":["post-3742","page","type-page","status-publish","hentry"],"_links":{"self":[{"href":"https:\/\/www.icetol.com\/index.php?rest_route=\/wp\/v2\/pages\/3742","targetHints":{"allow":["GET"]}}],"collection":[{"href":"https:\/\/www.icetol.com\/index.php?rest_route=\/wp\/v2\/pages"}],"about":[{"href":"https:\/\/www.icetol.com\/index.php?rest_route=\/wp\/v2\/types\/page"}],"author":[{"embeddable":true,"href":"https:\/\/www.icetol.com\/index.php?rest_route=\/wp\/v2\/users\/1"}],"replies":[{"embeddable":true,"href":"https:\/\/www.icetol.com\/index.php?rest_route=%2Fwp%2Fv2%2Fcomments&post=3742"}],"version-history":[{"count":1,"href":"https:\/\/www.icetol.com\/index.php?rest_route=\/wp\/v2\/pages\/3742\/revisions"}],"predecessor-version":[{"id":3743,"href":"https:\/\/www.icetol.com\/index.php?rest_route=\/wp\/v2\/pages\/3742\/revisions\/3743"}],"up":[{"embeddable":true,"href":"https:\/\/www.icetol.com\/index.php?rest_route=\/wp\/v2\/pages\/22"}],"wp:attachment":[{"href":"https:\/\/www.icetol.com\/index.php?rest_route=%2Fwp%2Fv2%2Fmedia&parent=3742"}],"curies":[{"name":"wp","href":"https:\/\/api.w.org\/{rel}","templated":true}]}}