{"id":6,"date":"2021-05-28T01:31:26","date_gmt":"2021-05-27T22:31:26","guid":{"rendered":"http:\/\/www.icetol.com\/?page_id=6"},"modified":"2026-03-19T23:50:14","modified_gmt":"2026-03-19T20:50:14","slug":"home","status":"publish","type":"page","link":"https:\/\/www.icetol.com\/","title":{"rendered":"Home"},"content":{"rendered":"<p><a href=\"https:\/\/www.icetol.com\/wp-content\/uploads\/2026\/02\/Constructor_University_Signed_Conference_Hosting_Document.pdf\">Constructor University Signed Conference Hosting<\/a><\/p>\r\n\r\nThe International Conference on Educational Technology and Online Learning (ICETOL), which will be held for the sixth time in <strong>Bremen, Germany<\/strong> between <strong>17\u201320 August 2026<\/strong>, will take place both face-to-face and online. The main theme of the conference is \u201c<strong>Education for uncertain futures: learning, resilience, and responsibility.<\/strong>\u201d Hosted by <strong>Constructor University<\/strong>, ICETOL 2026 will feature discussions, best practices, reflections, and shared experiences aligned with the conference theme, contributing to both national and international literature.\r\n\r\nTo promote inclusivity and international participation, ICETOL 2026 accepts presentations in four languages: <strong>English, Turkish, German, <\/strong>and<strong> Spanish.<\/strong>\r\n<br><br>\r\n<p style=\"font-size: 14pt; font-weight:bold; color:#111;\">ICETOL is supported by <\/p>\r\n\r\nConstructor University, Anadolu University, Bal\u0131kesir University, The Open University (UK), Ohio State University, Mary Immaculate College, AKAD University, University of South Africa, Universidad De Burgos, North-West University,  EDTECH-U, The Higher School of Education and Training of Berrechid (ESEFB), and University of Malaga.\r\n<br><br>\r\n<img loading=\"lazy\" decoding=\"async\" src=\"https:\/\/www.icetol.com\/wp-content\/uploads\/2026\/03\/icetol2026_afis_supporting.jpg\" alt=\"\" width=\"1584\" height=\"284\" class=\"alignnone size-full wp-image-4133\" srcset=\"https:\/\/www.icetol.com\/wp-content\/uploads\/2026\/03\/icetol2026_afis_supporting.jpg 1584w, https:\/\/www.icetol.com\/wp-content\/uploads\/2026\/03\/icetol2026_afis_supporting-300x54.jpg 300w, https:\/\/www.icetol.com\/wp-content\/uploads\/2026\/03\/icetol2026_afis_supporting-1024x184.jpg 1024w, https:\/\/www.icetol.com\/wp-content\/uploads\/2026\/03\/icetol2026_afis_supporting-768x138.jpg 768w, https:\/\/www.icetol.com\/wp-content\/uploads\/2026\/03\/icetol2026_afis_supporting-1536x275.jpg 1536w, https:\/\/www.icetol.com\/wp-content\/uploads\/2026\/03\/icetol2026_afis_supporting-600x108.jpg 600w\" sizes=\"auto, (max-width: 1584px) 100vw, 1584px\" \/>\r\n<br><br>\r\n\r\n<div style=\"max-width: 1200px; margin: 0 auto; font-family: sans-serif; box-sizing: border-box;\">\r\n\r\n    <h2 style=\"font-size: 14pt; font-weight: bold; color: black; border-bottom: 1px solid #ccc; padding-bottom: 10px; margin-bottom: 20px;\">Keynotes<\/h2>\r\n\r\n    <div class=\"icetol-grid\" style=\"display: flex; flex-wrap: wrap; gap: 15px; margin-bottom: 50px;\">\r\n        \r\n        <div class=\"grid-item\">\r\n            <a href=\"https:\/\/www.icetol.com\/?page_id=81\">\r\n                <img decoding=\"async\" src=\"https:\/\/www.icetol.com\/wp-content\/uploads\/2026\/02\/keynote-cukurova.jpg\" style=\"width: 100%; height: auto; display: block; border-radius: 4px;\">\r\n            <\/a>\r\n        <\/div>\r\n\r\n        <div class=\"grid-item\">\r\n            <a href=\"https:\/\/www.icetol.com\/?page_id=81\">\r\n                <img decoding=\"async\" src=\"https:\/\/www.icetol.com\/wp-content\/uploads\/2026\/02\/keynote_ifenthaler.png\" style=\"width: 100%; height: auto; display: block; border-radius: 4px;\">\r\n            <\/a>\r\n        <\/div>\r\n\r\n        <div class=\"grid-item\">\r\n            <a href=\"https:\/\/www.icetol.com\/?page_id=81\">\r\n                <img decoding=\"async\" src=\"https:\/\/www.icetol.com\/wp-content\/uploads\/2026\/02\/keynote_allison.png\" style=\"width: 100%; height: auto; display: block; border-radius: 4px;\">\r\n            <\/a>\r\n        <\/div>\r\n\r\n        <div class=\"grid-item\">\r\n            <a href=\"https:\/\/www.icetol.com\/?page_id=81\">\r\n                <img decoding=\"async\" src=\"https:\/\/www.icetol.com\/wp-content\/uploads\/2026\/03\/keynote_curtis.jpg\" style=\"width: 100%; height: auto; display: block; border-radius: 4px;\">\r\n            <\/a>\r\n        <\/div>\r\n\r\n    <\/div>\r\n\r\n    <h2 style=\"font-size: 14pt; font-weight: bold; color: black; border-bottom: 1px solid #ccc; padding-bottom: 10px; margin-bottom: 20px;\">Panels<\/h2>\r\n\r\n    <div class=\"icetol-grid\" style=\"display: flex; flex-wrap: wrap; gap: 15px;\">\r\n        \r\n        <div class=\"grid-item\">\r\n            <a href=\"https:\/\/www.icetol.com\/?page_id=103\">\r\n                <img decoding=\"async\" src=\"https:\/\/www.icetol.com\/wp-content\/uploads\/2026\/03\/panel_force_ai.png\" style=\"width: 100%; height: auto; display: block; border-radius: 4px;\">\r\n            <\/a>\r\n        <\/div>\r\n\r\n        <div class=\"grid-item\">\r\n            <a href=\"https:\/\/www.icetol.com\/?page_id=103\">\r\n                <img decoding=\"async\" src=\"https:\/\/www.icetol.com\/wp-content\/uploads\/2026\/03\/panel_play_build_learn2.png\" style=\"width: 100%; height: auto; display: block; border-radius: 4px;\">\r\n            <\/a>\r\n        <\/div>\r\n\r\n        <div class=\"grid-item\">\r\n            <a href=\"https:\/\/www.icetol.com\/?page_id=103\">\r\n                <img decoding=\"async\" src=\"https:\/\/www.icetol.com\/wp-content\/uploads\/2026\/03\/panel_micro.jpg?1\" style=\"width: 100%; height: auto; display: block; border-radius: 4px;\">\r\n            <\/a>\r\n        <\/div>\r\n\r\n        <div class=\"grid-item\">\r\n            <a href=\"https:\/\/www.icetol.com\/?page_id=103\">\r\n                <img decoding=\"async\" src=\"https:\/\/www.icetol.com\/wp-content\/uploads\/2026\/03\/panel_human_ai.png?1\" style=\"width: 100%; height: auto; display: block; border-radius: 4px;\">\r\n            <\/a>\r\n        <\/div>\r\n\r\n    <\/div>\r\n\r\n<\/div>\r\n\r\n<style>\r\n    \/* Varsay\u0131lan: Mobil (Yan yana 2 resim) *\/\r\n    .grid-item {\r\n        flex: 1 1 calc(50% - 15px);\r\n        max-width: calc(50% - 15px);\r\n        box-sizing: border-box;\r\n    }\r\n\r\n    \/* Masa\u00fcst\u00fc: (Yan yana 4 resim) - 768px'den geni\u015f ekranlar i\u00e7in *\/\r\n    @media (min-width: 768px) {\r\n        .grid-item {\r\n            flex: 1 1 calc(25% - 15px);\r\n            max-width: calc(25% - 15px);\r\n        }\r\n    }\r\n    \r\n    \/* Resimlere hover efekti (opsiyonel) *\/\r\n    .grid-item img:hover {\r\n        opacity: 0.8;\r\n        transition: 0.3s;\r\n    }\r\n<\/style>\r\n\r\n<br><br><br>\r\n<img decoding=\"async\" style=\"width: 100%;\" src=\"https:\/\/www.icetol.com\/wp-content\/uploads\/2026\/03\/icetol2026_afis.jpg?5\">\r\n<p style=\"font-size: 12pt; font-weight: bold; color: black; margin-top: 50px; margin-bottom: 0px; padding: 0px;\">ICETOL 2025 Picture Gallery<\/p>\r\n\r\nngg_shortcode_0_placeholder\r\n<p style=\"font-size: 12pt; font-weight: bold; color: black; margin-top: 50px; margin-bottom: 0px; padding: 0px;\">ICETOL 2024 Picture Gallery<\/p>\r\n\r\nngg_shortcode_1_placeholder\r\n<p style=\"font-size: 12pt; font-weight: bold; color: black; margin-top: 50px; margin-bottom: 0px; padding: 0px;\">ICETOL 2023 Picture Gallery<\/p>\r\n\r\nngg_shortcode_2_placeholder\r\n<p style=\"font-size: 12pt; font-weight: bold; color: black; margin-top: 50px; margin-bottom: 0px; padding: 0px; clear: both;\">ICETOL 2022 Picture Gallery<\/p>\r\n\r\nngg_shortcode_3_placeholder\r\n<p style=\"font-size: 12pt; font-weight: bold; color: black; margin-top: 50px; margin-bottom: 0px; padding: 0px;\">ICETOL 2021 Picture Gallery<\/p>\r\n\r\nngg_shortcode_4_placeholder&nbsp;\r\n\r\n&nbsp;<!-- \/wp:post-content -->","protected":false},"excerpt":{"rendered":"<p>Constructor University Signed Conference Hosting The International Conference on Educational Technology and Online Learning (ICETOL), which will be held for the sixth time in Bremen, Germany between 17\u201320 August 2026, will take place both face-to-face and online. The main theme of the conference is \u201cEducation for uncertain futures: learning, resilience, and responsibility.\u201d Hosted by Constructor [&hellip;]<\/p>\n","protected":false},"author":1,"featured_media":0,"parent":0,"menu_order":0,"comment_status":"closed","ping_status":"closed","template":"","meta":{"inline_featured_image":false,"_monsterinsights_skip_tracking":false,"_monsterinsights_sitenote_active":false,"_monsterinsights_sitenote_note":"","_monsterinsights_sitenote_category":0,"ngg_post_thumbnail":0,"footnotes":""},"class_list":["post-6","page","type-page","status-publish","hentry"],"_links":{"self":[{"href":"https:\/\/www.icetol.com\/index.php?rest_route=\/wp\/v2\/pages\/6","targetHints":{"allow":["GET"]}}],"collection":[{"href":"https:\/\/www.icetol.com\/index.php?rest_route=\/wp\/v2\/pages"}],"about":[{"href":"https:\/\/www.icetol.com\/index.php?rest_route=\/wp\/v2\/types\/page"}],"author":[{"embeddable":true,"href":"https:\/\/www.icetol.com\/index.php?rest_route=\/wp\/v2\/users\/1"}],"replies":[{"embeddable":true,"href":"https:\/\/www.icetol.com\/index.php?rest_route=%2Fwp%2Fv2%2Fcomments&post=6"}],"version-history":[{"count":233,"href":"https:\/\/www.icetol.com\/index.php?rest_route=\/wp\/v2\/pages\/6\/revisions"}],"predecessor-version":[{"id":4157,"href":"https:\/\/www.icetol.com\/index.php?rest_route=\/wp\/v2\/pages\/6\/revisions\/4157"}],"wp:attachment":[{"href":"https:\/\/www.icetol.com\/index.php?rest_route=%2Fwp%2Fv2%2Fmedia&parent=6"}],"curies":[{"name":"wp","href":"https:\/\/api.w.org\/{rel}","templated":true}]}}